{"id":2,"date":"2021-04-19T15:06:06","date_gmt":"2021-04-19T13:06:06","guid":{"rendered":"http:\/\/respiro-pdy.cz\/?page_id=2"},"modified":"2026-04-30T23:52:54","modified_gmt":"2026-04-30T21:52:54","slug":"zkusebni-stranka","status":"publish","type":"page","link":"https:\/\/respiro-pdy.cz\/","title":{"rendered":"RESPIRO s.r.o. Pod\u011bbrady"},"content":{"rendered":"\n<p class=\"has-huge-font-size\">Respiro s. r. o.<\/p>\n\n\n\n<h3 class=\"wp-block-heading has-x-large-font-size\">Plicn\u00ed ambulance<\/h3>\n\n\n\n<p>Jir\u00e1skova 252\/5, 290 01 Pod\u011bbrady (<a href=\"https:\/\/mapy.cz\/s\/nudubojaga\" data-type=\"URL\" data-id=\"https:\/\/mapy.cz\/s\/nudubojaga\" target=\"_blank\" rel=\"noreferrer noopener\">mapa<\/a>)<\/p>\n\n\n\n<p><strong>I\u010cO: <\/strong>04173406<\/p>\n\n\n\n<p><strong>tel. <\/strong>325 612 550<\/p>\n\n\n\n<p class=\"has-large-font-size\"><strong>Email:<\/strong> respiro-pdy@seznam.cz<\/p>\n\n\n\n<p class=\"has-large-font-size\"><strong>L\u00e9ka\u0159: <\/strong>MUDr. Jana Jankov\u00e1 Z\u00e1topkov\u00e1 <\/p>\n\n\n\n<p class=\"has-large-font-size\"><strong>Zdravotn\u00ed sestra: <\/strong>Iveta Burianov\u00e1<\/p>\n\n\n\n<p><\/p>\n\n\n\n<p style=\"font-size:45px\"><strong>D\u016fle\u017eit\u00e9:<\/strong><\/p>\n\n\n\n<p class=\"has-extra-large-font-size\"><strong>V\u00e1\u017een\u00ed pacienti, od 4.5.- 8.5. 2026 neordinujeme. <\/strong><\/p>\n\n\n\n<p><\/p>\n\n\n\n<h2 class=\"wp-block-heading\">Ordina\u010dn\u00ed hodiny<\/h2>\n\n\n\n<figure class=\"wp-block-table is-style-stripes\"><table><tbody><tr><td><strong>PO<\/strong><\/td><td><strong>8:00\u201312.00<\/strong><\/td><td><strong>13.00\u201316.30<\/strong> <\/td><\/tr><tr><td><\/td><td><\/td><td><strong>16:30-18:00 <\/strong> TBC dispenzarizace<\/td><\/tr><tr><td><strong>\u00daT<\/strong><\/td><td><strong>8:00\u201312.00<\/strong><\/td><td><\/td><\/tr><tr><td><strong>ST<\/strong><\/td><td><strong>8:00\u201312.00<\/strong><\/td><td><strong>13.00\u201315.00<\/strong><\/td><\/tr><tr><td><strong>\u010cT<\/strong><\/td><td><strong>8:00\u201312.00<\/strong><\/td><td><strong>13.00\u201315.00<\/strong><\/td><\/tr><tr><td><strong>P\u00c1<\/strong><\/td><td><strong>7:00\u201312.00<\/strong><\/td><td><\/td><\/tr><\/tbody><\/table><\/figure>\n\n\n\n<p>Objedn\u00e1n\u00ed na jin\u00fd \u010das po p\u0159edchoz\u00ed domluv\u011b.<\/p>\n\n\n\n<p><strong>Na vy\u0161et\u0159en\u00ed je t\u0159eba se osobn\u011b nebo telefonicky objednat. <\/strong><\/p>\n\n\n\n<p><strong>K prvn\u00edmu vy\u0161et\u0159en\u00ed je nutn\u00e9 doporu\u010den\u00ed od odes\u00edlaj\u00edc\u00edho l\u00e9ka\u0159e. <\/strong><\/p>\n\n\n\n<p><strong>Pros\u00edme, aby pacienti znali svoji chronickou medikaci (l\u00e9ky), nebo m\u011bli jej\u00ed seznam.<\/strong><\/p>\n\n\n\n<p><strong>Bereme pouze objednan\u00e9 pacienty.<\/strong><\/p>\n\n\n\n<p><strong>Pro l\u00e9\u010dbu akutn\u00edho respira\u010dn\u00edho onemocn\u011bn\u00ed kontaktujte pros\u00edm v&nbsp;prvn\u00ed \u0159ad\u011b sv\u00e9ho praktick\u00e9ho l\u00e9ka\u0159e nebo jeho z\u00e1stup.<\/strong><\/p>\n\n\n\n<p><strong>V p\u0159\u00edpad\u011b prob\u00edhaj\u00edc\u00edho respira\u010dn\u00edho onemocn\u011bn\u00ed m\u011bjte nasazenou rou\u0161ku\/respir\u00e1tor.<\/strong><\/p>\n\n\n\n<p><strong>Abychom se mohli v\u011bnovat pacient\u016fm a vzhledem k nar\u016fstaj\u00edc\u00edmu po\u010dtu telefon\u00e1t\u016f m\u00e1me zavedenou telefonn\u00ed \u00fast\u0159ednu, kde m\u016f\u017eete zanechat vzkaz  a my se v\u00e1m ozveme zp\u00e1tky. Mimo ordina\u010dn\u00ed dobu telefony nevy\u0159izujeme a nen\u00ed zapnut\u00fd ani z\u00e1znamn\u00edk<\/strong>.<\/p>\n\n\n\n<p><strong>M\u00e1te mo\u017enost n\u00e1m napsat i email, kter\u00fd vy\u0159izujeme v r\u00e1mci na\u0161ich \u010dasov\u00fdch mo\u017enost\u00ed. <\/strong><\/p>\n\n\n\n<p><strong>V p\u0159\u00edpad\u011b, \u017ee se k vy\u0161et\u0159en\u00ed nebo kontrole nem\u016f\u017eete dostavit, v\u010das se omluvte. Uvoln\u00edte t\u00edm m\u00edsto pro dal\u0161\u00ed pacienty, kte\u0159\u00ed vy\u0161et\u0159en\u00ed pot\u0159ebuj\u00ed. <\/strong><\/p>\n\n\n\n<p><\/p>\n","protected":false},"excerpt":{"rendered":"<p>Respiro s. r. o. Plicn\u00ed ambulance Jir\u00e1skova 252\/5, 290 01 Pod\u011bbrady (mapa) I\u010cO: 04173406 tel. 325 612 550 Email: respiro-pdy@seznam.cz L\u00e9ka\u0159: MUDr. Jana Jankov\u00e1 Z\u00e1topkov\u00e1 Zdravotn\u00ed sestra: Iveta Burianov\u00e1 D\u016fle\u017eit\u00e9: V\u00e1\u017een\u00ed pacienti, od 4.5.- 8.5. 2026 neordinujeme. Ordina\u010dn\u00ed hodiny PO 8:00\u201312.00 13.00\u201316.30 16:30-18:00 TBC dispenzarizace \u00daT 8:00\u201312.00 ST 8:00\u201312.00 13.00\u201315.00 \u010cT 8:00\u201312.00 13.00\u201315.00 P\u00c1 7:00\u201312.00&hellip; <a class=\"more-link\" href=\"https:\/\/respiro-pdy.cz\/\">Pokra\u010dovat ve\u00a0\u010dten\u00ed <span class=\"screen-reader-text\">RESPIRO s.r.o. Pod\u011bbrady<\/span><\/a><\/p>\n","protected":false},"author":1,"featured_media":0,"parent":0,"menu_order":0,"comment_status":"closed","ping_status":"open","template":"","meta":{"footnotes":""},"class_list":["post-2","page","type-page","status-publish","hentry","entry"],"_links":{"self":[{"href":"https:\/\/respiro-pdy.cz\/index.php?rest_route=\/wp\/v2\/pages\/2","targetHints":{"allow":["GET"]}}],"collection":[{"href":"https:\/\/respiro-pdy.cz\/index.php?rest_route=\/wp\/v2\/pages"}],"about":[{"href":"https:\/\/respiro-pdy.cz\/index.php?rest_route=\/wp\/v2\/types\/page"}],"author":[{"embeddable":true,"href":"https:\/\/respiro-pdy.cz\/index.php?rest_route=\/wp\/v2\/users\/1"}],"replies":[{"embeddable":true,"href":"https:\/\/respiro-pdy.cz\/index.php?rest_route=%2Fwp%2Fv2%2Fcomments&post=2"}],"version-history":[{"count":101,"href":"https:\/\/respiro-pdy.cz\/index.php?rest_route=\/wp\/v2\/pages\/2\/revisions"}],"predecessor-version":[{"id":235,"href":"https:\/\/respiro-pdy.cz\/index.php?rest_route=\/wp\/v2\/pages\/2\/revisions\/235"}],"wp:attachment":[{"href":"https:\/\/respiro-pdy.cz\/index.php?rest_route=%2Fwp%2Fv2%2Fmedia&parent=2"}],"curies":[{"name":"wp","href":"https:\/\/api.w.org\/{rel}","templated":true}]}}

RESPIRO s.r.o. Poděbrady

<p class="has-huge-font-size">Respiro s. r. o.</p>



<h3 class="wp-block-heading has-x-large-font-size">Plicní ambulance</h3>



<p>Jiráskova 252/5, 290 01 Poděbrady (<a href="https://mapy.cz/s/nudubojaga" data-type="URL" data-id="https://mapy.cz/s/nudubojaga" target="_blank" rel="noreferrer noopener">mapa</a>)</p>



<p><strong>IČO: </strong>04173406</p>



<p><strong>tel. </strong>325 612 550</p>



<p class="has-large-font-size"><strong>Email:</strong> respiro-pdy@seznam.cz</p>



<p class="has-large-font-size"><strong>Lékař: </strong>MUDr. Jana Janková Zátopková </p>



<p class="has-large-font-size"><strong>Zdravotní sestra: </strong>Iveta Burianová</p>



<p></p>



<p style="font-size:45px"><strong>Důležité:</strong></p>



<p class="has-extra-large-font-size"><strong>Vážení pacienti, od 4.5.- 8.5. 2026 neordinujeme. </strong></p>



<p></p>



<h2 class="wp-block-heading">Ordinační hodiny</h2>



<figure class="wp-block-table is-style-stripes"><table><tbody><tr><td><strong>PO</strong></td><td><strong>8:00–12.00</strong></td><td><strong>13.00–16.30</strong> </td></tr><tr><td></td><td></td><td><strong>16:30-18:00 </strong> TBC dispenzarizace</td></tr><tr><td><strong>ÚT</strong></td><td><strong>8:00–12.00</strong></td><td></td></tr><tr><td><strong>ST</strong></td><td><strong>8:00–12.00</strong></td><td><strong>13.00–15.00</strong></td></tr><tr><td><strong>ČT</strong></td><td><strong>8:00–12.00</strong></td><td><strong>13.00–15.00</strong></td></tr><tr><td><strong>PÁ</strong></td><td><strong>7:00–12.00</strong></td><td></td></tr></tbody></table></figure>



<p>Objednání na jiný čas po předchozí domluvě.</p>



<p><strong>Na vyšetření je třeba se osobně nebo telefonicky objednat. </strong></p>



<p><strong>K prvnímu vyšetření je nutné doporučení od odesílajícího lékaře. </strong></p>



<p><strong>Prosíme, aby pacienti znali svoji chronickou medikaci (léky), nebo měli její seznam.</strong></p>



<p><strong>Bereme pouze objednané pacienty.</strong></p>



<p><strong>Pro léčbu akutního respiračního onemocnění kontaktujte prosím v&nbsp;první řadě svého praktického lékaře nebo jeho zástup.</strong></p>



<p><strong>V případě probíhajícího respiračního onemocnění mějte nasazenou roušku/respirátor.</strong></p>



<p><strong>Abychom se mohli věnovat pacientům a vzhledem k narůstajícímu počtu telefonátů máme zavedenou telefonní ústřednu, kde můžete zanechat vzkaz  a my se vám ozveme zpátky. Mimo ordinační dobu telefony nevyřizujeme a není zapnutý ani záznamník</strong>.</p>



<p><strong>Máte možnost nám napsat i email, který vyřizujeme v rámci našich časových možností. </strong></p>



<p><strong>V případě, že se k vyšetření nebo kontrole nemůžete dostavit, včas se omluvte. Uvolníte tím místo pro další pacienty, kteří vyšetření potřebují. </strong></p>



<p></p>

<p>Respiro s. r. o. Plicní ambulance Jiráskova 252/5, 290 01 Poděbrady (mapa) IČO: 04173406 tel. 325 612 550 Email: respiro-pdy@seznam.cz Lékař: MUDr. Jana Janková Zátopková Zdravotní sestra: Iveta Burianová Důležité: Vážení pacienti, od 4.5.- 8.5. 2026 neordinujeme. Ordinační hodiny PO 8:00–12.00 13.00–16.30 16:30-18:00 TBC dispenzarizace ÚT 8:00–12.00 ST 8:00–12.00 13.00–15.00 ČT 8:00–12.00 13.00–15.00 PÁ 7:00–12.00&hellip; <a class="more-link" href="https://respiro-pdy.cz/">Pokračovat ve čtení <span class="screen-reader-text">RESPIRO s.r.o. Poděbrady</span></a></p>
